{"id":3998,"date":"2021-06-06T12:44:11","date_gmt":"2021-06-06T09:44:11","guid":{"rendered":"https:\/\/www.montegrup.com\/wp-content\/uploads\/2021\/06\/Erte-Atik-Konteyner2021.jpg"},"modified":"2021-06-07T12:10:38","modified_gmt":"2021-06-07T09:10:38","slug":"erte-atik-konteyner2021","status":"inherit","type":"attachment","link":"https:\/\/www.montegrup.com\/en\/erte-atik-konteyner2021\/","title":{"rendered":"Erte Kozmetik"},"author":1,"featured_media":0,"comment_status":"open","ping_status":"closed","template":"","meta":[],"class_list":["post-3998","attachment","type-attachment","status-inherit","hentry"],"aioseo_notices":[],"description":{"rendered":"<p class=\"attachment\"><a href='https:\/\/www.montegrup.com\/wp-content\/uploads\/2021\/06\/Erte-Atik-Konteyner2021.jpg'><img loading=\"lazy\" decoding=\"async\" width=\"300\" height=\"300\" src=\"https:\/\/www.montegrup.com\/wp-content\/uploads\/2021\/06\/Erte-Atik-Konteyner2021-300x300.jpg\" class=\"attachment-medium size-medium\" alt=\"\" srcset=\"https:\/\/www.montegrup.com\/wp-content\/uploads\/2021\/06\/Erte-Atik-Konteyner2021-300x300.jpg 300w, https:\/\/www.montegrup.com\/wp-content\/uploads\/2021\/06\/Erte-Atik-Konteyner2021-700x700.jpg 700w, https:\/\/www.montegrup.com\/wp-content\/uploads\/2021\/06\/Erte-Atik-Konteyner2021-150x150.jpg 150w, https:\/\/www.montegrup.com\/wp-content\/uploads\/2021\/06\/Erte-Atik-Konteyner2021-768x768.jpg 768w, https:\/\/www.montegrup.com\/wp-content\/uploads\/2021\/06\/Erte-Atik-Konteyner2021-12x12.jpg 12w, https:\/\/www.montegrup.com\/wp-content\/uploads\/2021\/06\/Erte-Atik-Konteyner2021.jpg 1266w\" sizes=\"auto, (max-width: 300px) 100vw, 300px\" \/><\/a><\/p>\n<p>Erte Kozmetik Fabrikas\u0131 i\u00e7in \u00fcretmi\u015f oldu\u011fumuz 2.40&#215;6.00&#215;2.67 Kimyasal At\u0131k Depolama Konteyner<\/p>\n"},"caption":{"rendered":"Erte Kozmetik Fabrikas\u0131 i\u00e7in \u00fcretmi\u015f oldu\u011fumuz 2.40&#215;6.00&#215;2.67 Kimyasal At\u0131k Depolama Konteyner"},"alt_text":"","media_type":"image","mime_type":"image\/jpeg","media_details":{"width":1266,"height":1266,"file":"2021\/06\/Erte-Atik-Konteyner2021.jpg","sizes":{"medium":{"file":"Erte-Atik-Konteyner2021-300x300.jpg","width":300,"height":300,"mime_type":"image\/jpeg","source_url":"https:\/\/www.montegrup.com\/wp-content\/uploads\/2021\/06\/Erte-Atik-Konteyner2021-300x300.jpg"},"large":{"file":"Erte-Atik-Konteyner2021-700x700.jpg","width":700,"height":700,"mime_type":"image\/jpeg","source_url":"https:\/\/www.montegrup.com\/wp-content\/uploads\/2021\/06\/Erte-Atik-Konteyner2021-700x700.jpg"},"thumbnail":{"file":"Erte-Atik-Konteyner2021-150x150.jpg","width":150,"height":150,"mime_type":"image\/jpeg","source_url":"https:\/\/www.montegrup.com\/wp-content\/uploads\/2021\/06\/Erte-Atik-Konteyner2021-150x150.jpg"},"medium_large":{"file":"Erte-Atik-Konteyner2021-768x768.jpg","width":768,"height":768,"mime_type":"image\/jpeg","source_url":"https:\/\/www.montegrup.com\/wp-content\/uploads\/2021\/06\/Erte-Atik-Konteyner2021-768x768.jpg"},"trp-custom-language-flag":{"file":"Erte-Atik-Konteyner2021-12x12.jpg","width":12,"height":12,"mime_type":"image\/jpeg","source_url":"https:\/\/www.montegrup.com\/wp-content\/uploads\/2021\/06\/Erte-Atik-Konteyner2021-12x12.jpg"},"full":{"file":"Erte-Atik-Konteyner2021.jpg","width":1266,"height":1266,"mime_type":"image\/jpeg","source_url":"https:\/\/www.montegrup.com\/wp-content\/uploads\/2021\/06\/Erte-Atik-Konteyner2021.jpg"}},"image_meta":{"aperture":"0","credit":"","camera":"COOLPIX P500","caption":"","created_timestamp":"1320501550","copyright":"","focal_length":"5.5999999046326","iso":"0","shutter_speed":"0","title":"","orientation":"1","keywords":[]}},"post":null,"source_url":"https:\/\/www.montegrup.com\/wp-content\/uploads\/2021\/06\/Erte-Atik-Konteyner2021.jpg","_links":{"self":[{"href":"https:\/\/www.montegrup.com\/en\/wp-json\/wp\/v2\/media\/3998","targetHints":{"allow":["GET"]}}],"collection":[{"href":"https:\/\/www.montegrup.com\/en\/wp-json\/wp\/v2\/media"}],"about":[{"href":"https:\/\/www.montegrup.com\/en\/wp-json\/wp\/v2\/types\/attachment"}],"author":[{"embeddable":true,"href":"https:\/\/www.montegrup.com\/en\/wp-json\/wp\/v2\/users\/1"}],"replies":[{"embeddable":true,"href":"https:\/\/www.montegrup.com\/en\/wp-json\/wp\/v2\/comments?post=3998"}]}}

<p class="attachment"><a href='https://www.montegrup.com/wp-content/uploads/2021/06/Erte-Atik-Konteyner2021.jpg'><img loading="lazy" decoding="async" width="300" height="300" src="https://www.montegrup.com/wp-content/uploads/2021/06/Erte-Atik-Konteyner2021-300x300.jpg" class="attachment-medium size-medium" alt="" srcset="https://www.montegrup.com/wp-content/uploads/2021/06/Erte-Atik-Konteyner2021-300x300.jpg 300w, https://www.montegrup.com/wp-content/uploads/2021/06/Erte-Atik-Konteyner2021-700x700.jpg 700w, https://www.montegrup.com/wp-content/uploads/2021/06/Erte-Atik-Konteyner2021-150x150.jpg 150w, https://www.montegrup.com/wp-content/uploads/2021/06/Erte-Atik-Konteyner2021-768x768.jpg 768w, https://www.montegrup.com/wp-content/uploads/2021/06/Erte-Atik-Konteyner2021-12x12.jpg 12w, https://www.montegrup.com/wp-content/uploads/2021/06/Erte-Atik-Konteyner2021.jpg 1266w" sizes="auto, (max-width: 300px) 100vw, 300px" /></a></p>
<p>Erte Kozmetik Fabrikası için üretmiş olduğumuz 2.40&#215;6.00&#215;2.67 Kimyasal Atık Depolama Konteyner</p>

Erte Kozmetik Fabrikası için üretmiş olduğumuz 2.40&#215;6.00&#215;2.67 Kimyasal Atık Depolama Konteyner
