{"id":4173,"date":"2022-02-14T15:08:08","date_gmt":"2022-02-14T12:08:08","guid":{"rendered":"https:\/\/www.montegrup.com\/wp-content\/uploads\/2022\/02\/2022-MedMarine-Eregli-AtikKonteyner.jpg"},"modified":"2022-02-14T15:08:24","modified_gmt":"2022-02-14T12:08:24","slug":"2022-medmarine-eregli-atikkonteyner","status":"inherit","type":"attachment","link":"https:\/\/www.montegrup.com\/en\/2022-medmarine-eregli-atikkonteyner\/","title":{"rendered":"Med Marine &#8211; Ere\u011fli Gemi \u0130n\u015fa"},"author":1,"featured_media":0,"comment_status":"open","ping_status":"closed","template":"","meta":[],"class_list":["post-4173","attachment","type-attachment","status-inherit","hentry"],"aioseo_notices":[],"description":{"rendered":"<p class=\"attachment\"><a href='https:\/\/www.montegrup.com\/wp-content\/uploads\/2022\/02\/2022-MedMarine-Eregli-AtikKonteyner.jpg'><img loading=\"lazy\" decoding=\"async\" width=\"300\" height=\"300\" src=\"https:\/\/www.montegrup.com\/wp-content\/uploads\/2022\/02\/2022-MedMarine-Eregli-AtikKonteyner-300x300.jpg\" class=\"attachment-medium size-medium\" alt=\"\" srcset=\"https:\/\/www.montegrup.com\/wp-content\/uploads\/2022\/02\/2022-MedMarine-Eregli-AtikKonteyner-300x300.jpg 300w, https:\/\/www.montegrup.com\/wp-content\/uploads\/2022\/02\/2022-MedMarine-Eregli-AtikKonteyner-700x700.jpg 700w, https:\/\/www.montegrup.com\/wp-content\/uploads\/2022\/02\/2022-MedMarine-Eregli-AtikKonteyner-150x150.jpg 150w, https:\/\/www.montegrup.com\/wp-content\/uploads\/2022\/02\/2022-MedMarine-Eregli-AtikKonteyner-768x768.jpg 768w, https:\/\/www.montegrup.com\/wp-content\/uploads\/2022\/02\/2022-MedMarine-Eregli-AtikKonteyner-12x12.jpg 12w, https:\/\/www.montegrup.com\/wp-content\/uploads\/2022\/02\/2022-MedMarine-Eregli-AtikKonteyner.jpg 1266w\" sizes=\"auto, (max-width: 300px) 100vw, 300px\" \/><\/a><\/p>\n<p>Med Marine &#8211; Ere\u011fli Gemi \u0130n\u015fa firmas\u0131 i\u00e7in \u00fcretmi\u015f oldu\u011fumuz 12.00&#215;3.00m \u00f6l\u00e7\u00fclerinde Ex Proof malzemelerden \u00fcretilen #\u00f6zel\u00fcretim tehlikeli #At\u0131kKonteyner<\/p>\n"},"caption":{"rendered":"Med Marine &#8211; Ere\u011fli Gemi \u0130n\u015fa firmas\u0131 i\u00e7in \u00fcretmi\u015f oldu\u011fumuz 12.00&#215;3.00m \u00f6l\u00e7\u00fclerinde Ex Proof malzemelerden \u00fcretilen #\u00f6zel\u00fcretim tehlikeli #At\u0131kKonteyner"},"alt_text":"","media_type":"image","mime_type":"image\/jpeg","media_details":{"width":1266,"height":1266,"file":"2022\/02\/2022-MedMarine-Eregli-AtikKonteyner.jpg","sizes":{"medium":{"file":"2022-MedMarine-Eregli-AtikKonteyner-300x300.jpg","width":300,"height":300,"mime_type":"image\/jpeg","source_url":"https:\/\/www.montegrup.com\/wp-content\/uploads\/2022\/02\/2022-MedMarine-Eregli-AtikKonteyner-300x300.jpg"},"large":{"file":"2022-MedMarine-Eregli-AtikKonteyner-700x700.jpg","width":700,"height":700,"mime_type":"image\/jpeg","source_url":"https:\/\/www.montegrup.com\/wp-content\/uploads\/2022\/02\/2022-MedMarine-Eregli-AtikKonteyner-700x700.jpg"},"thumbnail":{"file":"2022-MedMarine-Eregli-AtikKonteyner-150x150.jpg","width":150,"height":150,"mime_type":"image\/jpeg","source_url":"https:\/\/www.montegrup.com\/wp-content\/uploads\/2022\/02\/2022-MedMarine-Eregli-AtikKonteyner-150x150.jpg"},"medium_large":{"file":"2022-MedMarine-Eregli-AtikKonteyner-768x768.jpg","width":768,"height":768,"mime_type":"image\/jpeg","source_url":"https:\/\/www.montegrup.com\/wp-content\/uploads\/2022\/02\/2022-MedMarine-Eregli-AtikKonteyner-768x768.jpg"},"trp-custom-language-flag":{"file":"2022-MedMarine-Eregli-AtikKonteyner-12x12.jpg","width":12,"height":12,"mime_type":"image\/jpeg","source_url":"https:\/\/www.montegrup.com\/wp-content\/uploads\/2022\/02\/2022-MedMarine-Eregli-AtikKonteyner-12x12.jpg"},"full":{"file":"2022-MedMarine-Eregli-AtikKonteyner.jpg","width":1266,"height":1266,"mime_type":"image\/jpeg","source_url":"https:\/\/www.montegrup.com\/wp-content\/uploads\/2022\/02\/2022-MedMarine-Eregli-AtikKonteyner.jpg"}},"image_meta":{"aperture":"0","credit":"","camera":"COOLPIX P500","caption":"","created_timestamp":"1320501550","copyright":"","focal_length":"5.5999999046326","iso":"0","shutter_speed":"0","title":"","orientation":"1","keywords":[]}},"post":null,"source_url":"https:\/\/www.montegrup.com\/wp-content\/uploads\/2022\/02\/2022-MedMarine-Eregli-AtikKonteyner.jpg","_links":{"self":[{"href":"https:\/\/www.montegrup.com\/en\/wp-json\/wp\/v2\/media\/4173","targetHints":{"allow":["GET"]}}],"collection":[{"href":"https:\/\/www.montegrup.com\/en\/wp-json\/wp\/v2\/media"}],"about":[{"href":"https:\/\/www.montegrup.com\/en\/wp-json\/wp\/v2\/types\/attachment"}],"author":[{"embeddable":true,"href":"https:\/\/www.montegrup.com\/en\/wp-json\/wp\/v2\/users\/1"}],"replies":[{"embeddable":true,"href":"https:\/\/www.montegrup.com\/en\/wp-json\/wp\/v2\/comments?post=4173"}]}}

Med Marine &#8211; Ereğli Gemi İnşa

<p class="attachment"><a href='https://www.montegrup.com/wp-content/uploads/2022/02/2022-MedMarine-Eregli-AtikKonteyner.jpg'><img loading="lazy" decoding="async" width="300" height="300" src="https://www.montegrup.com/wp-content/uploads/2022/02/2022-MedMarine-Eregli-AtikKonteyner-300x300.jpg" class="attachment-medium size-medium" alt="" srcset="https://www.montegrup.com/wp-content/uploads/2022/02/2022-MedMarine-Eregli-AtikKonteyner-300x300.jpg 300w, https://www.montegrup.com/wp-content/uploads/2022/02/2022-MedMarine-Eregli-AtikKonteyner-700x700.jpg 700w, https://www.montegrup.com/wp-content/uploads/2022/02/2022-MedMarine-Eregli-AtikKonteyner-150x150.jpg 150w, https://www.montegrup.com/wp-content/uploads/2022/02/2022-MedMarine-Eregli-AtikKonteyner-768x768.jpg 768w, https://www.montegrup.com/wp-content/uploads/2022/02/2022-MedMarine-Eregli-AtikKonteyner-12x12.jpg 12w, https://www.montegrup.com/wp-content/uploads/2022/02/2022-MedMarine-Eregli-AtikKonteyner.jpg 1266w" sizes="auto, (max-width: 300px) 100vw, 300px" /></a></p>
<p>Med Marine &#8211; Ereğli Gemi İnşa firması için üretmiş olduğumuz 12.00&#215;3.00m ölçülerinde Ex Proof malzemelerden üretilen #özelüretim tehlikeli #AtıkKonteyner</p>

Med Marine &#8211; Ereğli Gemi İnşa firması için üretmiş olduğumuz 12.00&#215;3.00m ölçülerinde Ex Proof malzemelerden üretilen #özelüretim tehlikeli #AtıkKonteyner
